121054?
-11121050
In base 7, what is -4 - -1244035420?
1244035413
In base 9, what is 765 - -6856?
7732
In base 5, what is -133424 + 23440?
-104434
In base 8, what is 21657 + -2722?
16735
In base 12, what is -18 + -28b0595?
-28b05b1
In base 3, what is -111211020200100 - -10?
-111211020200020
In base 8, what is 4 + -321024063?
-321024057
In base 12, what is 158866b8 - -3?
158866bb
In base 16, what is -7 + 3f9?
3f2
In base 12, what is 10891a71 + 5?
10891a76
In base 8, what is 12166 - 706?
11260
In base 14, what is -a4 + -b90?
-c54
In base 15, what is 56a5c - -36?
56a93
In base 12, what is -5 + -101b1831?
-101b1836
In base 8, what is -41 - -6403725?
6403664
In base 9, what is -12 - -462831?
462818
In base 13, what is b + 14552464?
14552472
In base 8, what is 343306362 + -3?
343306357
In base 5, what is -24033 - -3302314?
3223231
In base 16, what is -30 + -237467?
-237497
In base 11, what is -2599772 - 65?
-2599827
In base 9, what is -842 - 57263?
-58215
In base 10, what is -3366 + 2428?
-938
In base 3, what is -11111110001222 - -110?
-11111110001112
In base 12, what is 2288b4bb2 - 3?
2288b4bab
In base 11, what is 8465a55 + a?
8465a64
In base 7, what is -22043101 + 1426?
-22041342
In base 9, what is -12 + -10561623?
-10561635
In base 9, what is 58132 - -2?
58134
In base 14, what is -c + -3dc234?
-3dc242
In base 4, what is 222033301333 + -13?
222033301320
In base 12, what is -3195 + 16a6?
-16ab
In base 7, what is -13 + 4345121?
4345105
In base 13, what is -24c0ab2 + 8?
-24c0aa7
In base 5, what is -1204 + -2104311?
-2111020
In base 7, what is -13055140 - -11?
-13055126
In base 7, what is 606611564 + 3?
606611600
In base 6, what is 1455335 - -123?
1455502
In base 14, what is -11474b - 68?
-1147b5
In base 16, what is 17a02 + -383?
1767f
In base 9, what is -44247 - 1653?
-46011
In base 11, what is 6 - 72aa94?
-72aa89
In base 14, what is 28966 + -10?
28956
In base 11, what is 15977 + 1427?
172a3
In base 10, what is 17800 - 9031?
8769
In base 2, what is -1011 - -1000010100110000000100?
1000010100101111111001
In base 6, what is -5032 - 432223?
-441255
In base 9, what is 24842023 + -1?
24842022
In base 2, what is -11011001001100101011000 + 11?
-11011001001100101010101
In base 3, what is -21 - 1000120100011122?
-1000120100011220
In base 15, what is 92d1 + 91?
9372
In base 13, what is -3b994 + 37cb?
-38196
In base 10, what is -5161 + 405?
-4756
In base 3, what is -1112212212022 - -111221?
-1112212100101
In base 6, what is -13355103305 + -2?
-13355103311
In base 3, what is 11100022 + 1020022202?
1101200001
In base 12, what is 5b6946 - 114?
5b6832
In base 8, what is -131351 + -3777?
-135350
In base 2, what is 10101101 + 11000101110110111110?
11000101111001101011
In base 3, what is -11020022 - -220212000?
202121201
In base 7, what is 56013 - 26254?
26426
In base 16, what is 62d080 + 6?
62d086
In base 16, what is 1286 - 1c03?
-97d
In base 2, what is -1100101100101001010000 + 0?
-1100101100101001010000
In base 7, what is 3 - -12324563633?
12324563636
In base 6, what is 34445 - -12342?
51231
In base 13, what is 20a497b7 + -2?
20a497b5
In base 8, what is 67115272 - 2?
67115270
In base 14, what is 7c2587 + 6b?
7c2614
In base 12, what is 1404 + 3856?
505a
In base 10, what is -5 - -18649203?
18649198
In base 11, what is -20a616 - -1a?
-20a5a7
In base 4, what is -1231 + -300111220?
-300113111
In base 9, what is -2 - 12053671?
-12053673
In base 5, what is -411 + -14323043?
-14324004
In base 4, what is -2132000 + -20130312?
-22322312
In base 6, what is 2355045 - 30?
2355015
In base 15, what is -5 - 81eace?
-81ead4
In base 12, what is 3089 - -a77?
3b44
In base 11, what is -6538 - 1177?
-7704
In base 12, what is 690 + 58aa7?
59577
In base 13, what is -33 + -1b0006?
-1b0039
In base 5, what is -3 - 212304200?
-212304203
In base 7, what is -66620520 - -33?
-66620454
In base 15, what is -6d4 + 618b?
59a7
In base 11, what is 2065748 - 1?
2065747
In base 5, what is 1223230 + 21204?
1244434
In base 5, what is -20104242 + 1134?
-20103103
In base 5, what is 13411230 - -123?
13411403
In base 8, what is -40254076 - 26?
-40254124
In base 10, what is 244 - -1275275?
1275519
In base 15, what is 133bda - 354?
133886
In base 15, what is e79682 + 1?
e79683
In base 3, what is -110021121110 + -11020?
-110021202200
In base 13, what is -1673 - 378?
-1a1b
In base 4, what is -3 + -132323333312?
-132323333321
In base 7, what is 2004 + 15644?
20651
In base 11, what is 46 - 3345797?
-3345751
In base 10, what is -246 + -240614?
-240860
In base 8, what is 27771106 + -3?
27771103
In base 2, what is 101101001000001011000101100 - 1?
101101001000001011000101011
In base 10, what is 1 - -4145654?
4145655
In base 3, what is 2010202100201012 - -11?
2010202100201100
In base 12, what is -12248a - 23a?
-122708
In base 14, what is 2 + -30570d?
-30570b
In base 7, what is 24630 - -1314?
26244
In base 11, what is -158 - 77743?
-778a0
In base 13, what is -8150b - 2a?
-81538
In base 11, what is 1 + 63584a0?
63584a1
In base 13, what is c9 + -10c698?
-10c59c
In base 15, what is 2b - -78eedc?
790018
In base 5, what is 322222111 + 23?
322222134
In base 6, what is 150001 - 10525?
135032
In base 11, what is 352 - -5570a?
55a61
In base 14, what is 3 - -283b?
2840
In base 14, what is -724baa - -48?
-724b62
In base 13, what is -2c47 - 1297?
-4211
In base 8, what is 70671 - -436?
71327
In base 14, what is 11089ca + d?
11089d9
In base 6, what is -5 - -11301254143?
11301254134
In base 6, what is 5 - 551353214?
-551353205
In base 8, what is 1465 + 47204?
50671
In base 11, what is 17460130 + -3?
17460128
In base 11, what is -2 + 6709a193?
6709a191
In base 16, what is -2c34 + 15c?
-2ad8
In base 9, what is -116 - -58136?
58020
In base 11, what is 1279377 + 5?
1279381
In base 11, what is 1a40136 + 3?
1a40139
In base 7, what is 14 + 33033501?
33033515
In base 7, what is -5630 - -53335?
44405
In base 10, what is 132 - -17714?
17846
In base 2, what is 1000011111001001 - -10001?
1000011111011010
In base 5, what is -2030441242 + -2?
-2030441244
In base 14, what is 2cdd651 + -1?
2cdd650
In base 16, what is -186bcf + 1e?
-186bb1
In base 10, what is 68795 + 249?
69044
In base 11, what is -42278352 - 1?
-42278353
In base 6, what is 554 + -14450?
-13452
In base 14, what is -65782 - 6?
-65788
In base 15, what is -63dea + 76?
-63d74
In base 7, what is 1 + -433651330?
-433651326
In base 14, what is 33 + -15828?
-157d5
In base 14, what is -b2 - 611b?
-61cd
In base 6, what is 2105425 - 34505?
2030520
In base 13, what is a97619 + 2?
a9761b
In base 14, what is 4 - 211cb61?
-211cb5b
In base 11, what is 6982 - 102a?
5953
In base 10, what is 11013003 - 57?
11012946
In base 15, what is 76 + db69c?
db723
In base 15, what is -c1e - 23bec?
-2491b
In base 5, what is 1302203334 + -424?
1302202410
In base 13, what is 3 - -7c4487?
7c448a
In base 10, what is -3 - -58456315?
58456312
In base 15, what is -5 + 45c65e?
45c659
In base 12, what is -5a9b69 - -16?
-5a9b53
In base 14, what is -6 + -348968?
-348970
In base 14, what is 9a7694 + 38?
9a76cc
In base 3, what is 2 + -112022210221022?
-112022210221020
In base 2, what is -110001111100011000000101 - 101?
-110001111100011000001010
In base 2, what is 1110110001001101 - 1011111001?
1110100101010100
In base 14, what is 1 - -b244b?
b244c
In base 8, what is -172 - 6353566?
-6353760
In base 16, what is -1025d - 632?
-1088f
In base 5, what is -1 + -12203434011?
-12203434012
In base 6, what is 4 - 45015015?
-45015011
In base 7, what is 3646310 - -1111?
3650421
In base 4, what is 1013122003 - -2111?
1013130120
In base 12, what is -19165a + 131?
-191529
In base 7, what is -5441613426 - 2?
-5441613431
In base 13, what is -2c - 58383?
-583b2
In base 8, what is -273 - -1151230?
1150735
In base 14, what is 2d1 + -30854?
-30563
In base 5, what is 1413333030012 + 0?
1413333030012
In base 3, what is 100012 + 101012?
201101
In base 9, what is -2043 - 170458?
-172512
In base 11, what is 13584016 - -5?
13584020
In base 9, what is 55081573 - 5?
55081567
In base 8, what is 10366573 - 1?
10366572
In base 11, what is 4064209 + 13?
4064221
In base 10, what is -105115 + 908?
-104207
In base 7, what is 2413 - 1654125?
-1651412
In base 10, what is 112249 + 415?
112664
In base 13, what is -48 - 1990?
-1a08
In base 3, what is 20210020221000